ivisor of 78 and c.
26
Let x(u) = -u**2 - u. Let b be x(3). Let y = 28 + b. Suppose 0 = -117*l + 110*l + 224. What is the greatest common factor of l and y?
16
Let t be 186/(-4)*(-58)/87. What is the greatest common divisor of 93 and t?
31
Let c be (-6)/45 - 285076/(-570). Calculate the greatest common divisor of c and 625.
125
Suppose -24 = 2*a + 2*a. Let o(x) = 3*x**2 + 3*x - 6. Let i be o(a). Let k be (-70)/(-105) + (-68)/(-6). What is the highest common divisor of k and i?
12
Let l = -19 - -19. Suppose 5*x = 5*r, l*x = 4*r - x - 3. Let c(a) = 6*a**3 + 2*a**2 - 1. Let m be c(r). Calculate the greatest common divisor of 21 and m.
7
Let r = -25 + 27. Suppose r*b - 4 - 2 = 0. Calculate the greatest common divisor of 33 and b.
3
Let f be 7098/4 + (-7)/(-14) + 1. What is the highest common factor of 16 and f?
16
Let i be 1*-1 - -25*1. Suppose 50*t - 44*t = 432. What is the greatest common factor of t and i?
24
Suppose 0 = -g + 3*g - 24. Let t(h) = -12*h + 204. Let r be t(6). What is the greatest common factor of r and g?
12
Suppose 67 = -y + 2*y + 4*o, 5*y = -2*o + 425. Suppose -3*f = -x + y, 2*f - 234 + 28 = -3*x. Calculate the greatest common factor of x and 9.
9
Suppose 4608 = 96*h - 60*h. What is the greatest common factor of h and 320?
64
Let h(i) = i - 17. Let t(u) = 5*u - 86. Let d(k) = -11*h(k) + 2*t(k). Let g be d(0). What is the highest common divisor of g and 3?
3
Suppose 44 = 4*x - 4*k, -3*k + 7 = -4*x + 51. Suppose 0 = -4*n + 39 - x. What is the highest common factor of 7 and n?
7
Suppose -4*w = -15*a + 20*a - 79, -3*a + 2*w = -43. Calculate the highest common factor of a and 6.
3
Suppose 0 = -x + 4*y, -36 - 4 = -2*x - 2*y. Let u(v) = v**3 + v**2 - v + 4. Let g be u(0). Calculate the greatest common factor of g and x.
4
Let i = 36 - 34. Let n be (28/(-98))/((-1)/7). Calculate the highest common divisor of i and n.
2
Let k = -228 + 246. Calculate the greatest common divisor of 306 and k.
18
Suppose -2*k + 10 = 0, 5*x - 112 = -5*k + 543. Calculate the greatest common divisor of 84 and x.
42
Suppose 2*p = 6, 5*m - 5*p = -23 + 63. Suppose 0 = 3*x - 45 - 21. Let r be (-5)/(1/x*-2). Calculate the highest common divisor of r and m.
11
Let w(l) = -l**2 + 6*l + 21. Let j be w(9). Let f(g) = -14*g + 6. Let m be f(j). Let r = 14 + -4. What is the greatest common factor of r and m?
10
Let r = 41 - 17. Suppose 16215*h = 16161*h + 2592. What is the highest common factor of h and r?
24
Suppose h = -h + 36. Let j = -25 - -28. Suppose 6 = 2*k, 4*f + j*k - 236 = 277. What is the greatest common factor of h and f?
18
Let s(y) = -y**3 + 35*y**2 + 32*y + 41. Let k be s(35). Calculate the greatest common factor of 27 and k.
27
Suppose -2*b + 48 = -56. Let o = b - -2. Suppose -h - 24 = -5*h. What is the highest common factor of h and o?
6
Let i be (-22)/(-33) + (-524)/(-6). Suppose -5*m + 4 = -2*d, 2*d - m + 6*m = 36. What is the greatest common divisor of i and d?
8
Let a = 1497 + -497. Calculate the highest common divisor of a and 60.
20
Let f be (6 - -6)*((-15)/(-6) + -2). Suppose -4*a + 2*w - 6 = 0, w = 1 - 4. Let g be (4 + -2 - a)*6. What is the greatest common divisor of f and g?
6
Let x(t) = -t**3 + 5*t + 24. Let k be x(0). Calculate the greatest common factor of k and 36.
12
Let k be 6/1*(-2)/6 + 5. Calculate the greatest common factor of k and 21.
3
Suppose 199*q - 207*q = -896. What is the highest common divisor of 77 and q?
7
Suppose -3*f - s = -1222, 2038 = 8*f - 3*f + s. What is the greatest common divisor of f and 34?
34
Let c be (-4)/(-6) + (-1436)/(-6). Let k be (12/(-10))/((-8)/c). Let h be 65/7 - (-36)/(-126). Calculate the greatest common factor of k and h.
9
Let l be (-55)/2*14/(-35). Suppose 5*s + l = 711. Calculate the highest common divisor of s and 56.
28
Suppose -23*v + 84 = -19*v. What is the greatest common factor of 735 and v?
21
Suppose 258 = 2*y - 3*v, 4*y = v - 0*v + 526. What is the highest common factor of y and 66?
66
Let j be ((-38)/(-3))/(2/27). Suppose -4*u + 2*i = -26, u + 5*i - 10 = -4*u. Suppose u - 24 = -b. What is the highest common divisor of b and j?
19
Suppose -20 = 5*i - 7*i. Suppose -4*v = -4*l - 7*v + 165, 0 = -5*l + 4*v + 183. Let p = l - 14. Calculate the greatest common divisor of p and i.
5
Let l = 41 + 36. Let o = -57 + l. Calculate the highest common divisor of o and 90.
10
Suppose 22*h - 6*h - 2352 = 0. Calculate the greatest common divisor of h and 84.
21
Let k be (-4 - -103) + 6 - 5. What is the highest common divisor of k and 20?
20
Let n = -335 + 387. Calculate the highest common factor of n and 117.
13
Let o be (-866)/(-8) - 9/36. Suppose 6*z + r = z + 25, 0 = 3*z - 2*r - 28. What is the highest common divisor of o and z?
6
Suppose 3*n - 19*n + 176 = 0. Calculate the highest common factor of n and 440.
11
Let q be (-3)/(-9) + (-2)/12*-106. Let c be 2 - 6*(-6)/9. What is the highest common factor of q and c?
6
Suppose 2*l - 1385 = -5*r, -259*r = -255*r + 5*l - 1091. Calculate the greatest common divisor of 27 and r.
9
Suppose -24*b + 0*b - 23814 = -213*b. Let z be 0 + (82 - -2*1). What is the highest common factor of z and b?
42
Let v = -6 - -11. Suppose -2*d = 1 - v. Suppose j - 4 = d. Calculate the highest common divisor of j and 4.
2
Let s(p) = 3*p**2 + 49. Let i be s(0). Calculate the greatest common divisor of i and 14.
7
Let o(v) = -6*v**3 - 25*v - v**3 + 0*v**3 + 8*v**3 - 24*v**2 + 6. Let g be o(25). Calculate the highest common factor of 4 and g.
2
Suppose 0 = -0*s - 2*s + 24. Let c be 3/s - (-31)/4. Let l = 1331 - 1307. What is the highest common factor of l and c?
8
Suppose 2*s - 32 = -28. Let x be -1*(-17)/2*(s + 0). Let p(m) = 7*m**2 - 2*m - 1. Let o be p(-4). Calculate the highest common divisor of o and x.
17
Suppose 48*p - 1870 = 26*p. Calculate the highest common divisor of 51 and p.
17
Suppose -58 = -2*c - 14. Suppose -3*p = -2*p. Suppose -2*t + 22 = -p*t. What is the highest common divisor of c and t?
11
Let m = -18 + 21. Suppose -m*i + o + 34 = 0, -3*i + 2*o + 26 = -3*o. Calculate the highest common factor of i and 96.
12
Let h = -2389 - -3351. Calculate the highest common factor of h and 26.
26
Suppose 131 + 661 = 9*p. What is the greatest common divisor of 55 and p?
11
Let m(j) = 2*j**2 + 16*j - 22. Let f be m(-10). Suppose -249 = -a - 5*v, -4*a - a - 5*v = -1185. What is the greatest common divisor of a and f?
18
Let g(y) = 3*y - 8. Let c = -12 + 8. Let i be (-45)/(-12) + (-1)/c. Let j be g(i). What is the greatest common factor of j and 4?
4
Let h(m) = -m**3 - 20*m**2 - 18*m + 39. Let w be h(-19). Let j = w + 279. Calculate the highest common factor of 13 and j.
13
Suppose -2*k - 3*k = -6640. Let s = k - 828. Let v be (12/10)/(30/s). What is the greatest common divisor of 10 and v?
10
Suppose -22*o = -26*o + 440. Calculate the highest common factor of o and 20.
10
Suppose 4*b + 1432 = 4*w - 0*b, -b + 1457 = 4*w. What is the highest common divisor of w and 33?
33
Let v be (-7)/7*(1 - 1). Suppose v = -3*c, -c = 5*n + 2*c - 20. Suppose -39 = -n*s - 2*h + 27, 3*s + h = 52. What is the highest common factor of 209 and s?
19
Let y be 175/2 + (-35)/(-10) + -4. What is the greatest common factor of y and 609?
87
Let r(c) = c + 16. Let n be r(-10). Let g be n/27 - (-628)/9. What is the highest common divisor of 10 and g?
10
Let s be (0 + -4)*15/6. Let y = -8 - s. Let a be -3 + y + 0 + 33. Calculate the highest common factor of 16 and a.
16
Let f = 699 + -281. Calculate the highest common divisor of f and 44.
22
Let v(f) = f + 2. Let d be v(7). Let t = 14 - d. Let h = 670 - 655. Calculate the highest common divisor of h and t.
5
Let w = 4 - 13. Let h be (-102)/w - 2/(-3). Let y be 3216/108 - (-4)/18. What is the greatest common factor of h and y?
6
Let q(n) = -n**3 + 13*n**2 + 6*n + 30. Let i be q(13). Let y = -93 + i. What is the highest common divisor of 15 and y?
15
Let k be (-4 + 5)/(-1) - -1. Suppose k = -35*x + 31*x + 208. Calculate the highest common divisor of x and 13.
13
Let b(v) = 2*v - 4. Let r be b(2). Suppose 4*s + r*s - 100 = 0. Suppose 0*i = -5*i + s. What is the greatest common divisor of 5 and i?
5
Let y(n) = -n**3 + n**2 - n + 19. Let i be y(0). Let u = 133 - 19. Calculate the greatest common divisor of i and u.
19
Let d be (-4)/(-10) + 556/10. Let s be 256/18 